 o(l) = 12*l**2 + l + 2. Let i(n) = -n + 13. Let a be i(11). Let v be o(a). Let k = v + -9. List the prime factors of k.
43
Suppose -72063 = -11*c - 16*c. List the prime factors of c.
17, 157
Let r(s) = -s + 3. Suppose -11*b = -5*b + 36. Let k be r(b). What are the prime factors of 79/k - (2 - (-60)/(-27))?
3
Let y = 206 + -208. Suppose 2*n - 5*z + 11 = 0, -4*n + 14 = -3*z + 5*z. List the prime factors of y*(n - 0) + 81.
7, 11
Let q = -1080 - -5732. What are the prime factors of q?
2, 1163
Let t be 113 + (5 - (8 - 4)). List the prime factors of ((-1726)/3)/(t/(-171)).
863
Let k(x) be the first derivative of 263*x**3/3 + x**2 - 63. List the prime factors of k(-1).
3, 29
Suppose 0*v - 4*u = -5*v + 7944, -5*u + 20 = 0. Let t = -912 + v. List the prime factors of t.
2, 5, 17
Let v = -7 + 48. Suppose v*x - 169 = 40*x. Suppose 2*i + o - x = 0, -i + 4*o + 8 + 72 = 0. What are the prime factors of i?
2, 3, 7
Let w = 23599 + -14245. What are the prime factors of 2 + w/16 + 183/488?
587
Suppose 40*m - 32844 = 46916. List the prime factors of m.
2, 997
Let i = -28615 - -50717. List the prime factors of i.
2, 43, 257
Suppose -46*n - 485 - 162 = 1009. Let p = 0 - 12. Let c = p - n. List the prime factors of c.
2, 3
Let v = 2478 + -660. Let w = v - 1089. List the prime factors of w.
3
Let s(j) = 3*j**2 + 13*j - 2 + 5*j - 7 + 2*j. Let g(y) = -y**3 - 15*y**2 - 26*y - 11. Let x be g(-13). What are the prime factors of s(x)?
2, 67
Let o(q) = 1385*q + 2124. List the prime factors of o(23).
11, 3089
Let r(b) = 63*b**2 - b + 122. What are the prime factors of r(7)?
2, 1601
Let u = 4245 - -2587. What are the prime factors of u?
2, 7, 61
Let k = 4900 - -8357. What are the prime factors of k?
3, 491
Let t(r) = 3*r**2 - 6*r**3 + 5*r**3 - 5*r + 18 + 50*r. List the prime factors of t(-9).
3, 5, 13
Let o = -10411 + 41745. What are the prime factors of o?
2, 15667
Let a(s) = 143*s**2 + 2*s + 8. Let h be a(-2). Suppose 0 = -2*k + h + 560. Suppose k = y + 3*y. What are the prime factors of y?
2, 71
Suppose -i = 5*i - 12. List the prime factors of (-62)/(-31) + (385 - 1)/i.
2, 97
Let b(t) be the second derivative of -8*t**3 + t**2/2 + 5*t. Let p be b(-1). Let h = 76 - p. What are the prime factors of h?
3
Suppose 207559 = 5*a + 3*j, a - 70758 = 5*j - 29291. What are the prime factors of a?
41507
Let o = -113 - -113. Let y be (o - 15)/((-6)/32). Suppose 0 = 31*k - 36*k + y. What are the prime factors of k?
2
Let w be ((-5)/(50/(-245)))/((-2)/(-4)). What are the prime factors of ((-364)/w)/13 + 7669/7?
3, 5, 73
Let w(x) = -7 + 23*x + 10*x - x**2 - 27. What are the prime factors of w(26)?
2, 37
Let b = 49 - 26. Let h = b + -18. Suppose h*k - 217 = 68. List the prime factors of k.
3, 19
Let x = -6251 + 11313. Suppose 0 = -32*p + x - 1126. List the prime factors of p.
3, 41
Let c(h) = 1398*h - 2139. List the prime factors of c(24).
3, 37, 283
Suppose -2*g = o - 551, -o + 527 = g - 28. Let y = 1451 - o. What are the prime factors of y?
2, 223
Let r = 43 + -184. Suppose -2*k - 17 = -1. Let j = k - r. List the prime factors of j.
7, 19
Let w = -2007 - -3433. Suppose s + 1 = 2, 0 = 3*q + s - w. List the prime factors of q.
5, 19
Suppose -9*v = -6*v - 3, -3*v + 12 = l. Suppose l*d - 189 = 6*d. List the prime factors of d.
3, 7
Let b be (-4)/10 + 186/15. Suppose 23 = 5*m - b. Let f(x) = 2*x + 14. What are the prime factors of f(m)?
2, 7
Let n be -1*(0/(-1) + 229). Let t(w) = 19*w + 344. Let k be t(4). Let m = n + k. What are the prime factors of m?
191
List the prime factors of 5445/12 - -1*(-1)/(-4).
2, 227
Let a = -6441 + 17343. List the prime factors of a.
2, 3, 23, 79
Suppose -3*d + 448 + 156590 = 3*l, 3*l + 2*d - 157030 = 0. What are the prime factors of l?
2, 3, 11, 13, 61
Suppose f - f - 8*f = 0. Suppose 4*y + 8213 = 5*u, f = 4*u - 9*y + 13*y - 6592. What are the prime factors of u?
5, 7, 47
Let w(t) = 51 + 27*t**3 + 4*t**2 - 8*t - 14 - 15. List the prime factors of w(3).
7, 109
Let b(c) = -c**2 + 36*c + 372. List the prime factors of b(35).
11, 37
What are the prime factors of (-7)/(-14)*(-5 - 581)*-4?
2, 293
Let j = 23123 - 13193. List the prime factors of j.
2, 3, 5, 331
Let y be 0/((-2)/(0 - 2)). Suppose 9*w - 3016 = -2998. Suppose y*s - 2*s + 4*u + 74 = 0, 82 = w*s + 4*u. List the prime factors of s.
3, 13
Let a(t) = -t**2 + 10*t + 27. Let f be a(12). Suppose -18 + 9 = -f*s. Suppose 3*q + q - 132 = -5*o, -s*q + 2*o = -99. List the prime factors of q.
3, 11
Suppose -20 = 3*b + 7*b. Let d be (b/(-4)*2*7)/1. Suppose d*n = 5*n + 74. List the prime factors of n.
37
Suppose -2*i = -o - 3, -2*o = -5*o - 3*i + 18. Suppose o*d - 1966 = -v, 3*d - 7*v - 1974 = -10*v. List the prime factors of d.
2, 3, 109
Let a(i) = 4*i**2 + 1. Let h be a(-1). Suppose -b + 138 = h*b. Suppose 21*w = b*w - 158. What are the prime factors of w?
79
Let b = 36 - -44. Let f = 326 + b. List the prime factors of f.
2, 7, 29
Let h = -11837 - -19980. Suppose 975 = -8*f + h. List the prime factors of f.
2, 7
Let j = 30 + -27. Let m(x) be the second derivative of -x**5/20 + 2*x**4/3 - 5*x**3/6 - 2*x**2 + x. What are the prime factors of m(j)?
2, 13
Let c = -309 - -545. Suppose -5*d = 2*v - c - 183, -v + d + 213 = 0. What are the prime factors of v?
2, 53
Let k be (-3741)/58*3/(-1)*4. Let q = 1100 - k. What are the prime factors of q?
2, 163
Suppose -4 = -20*m - 4. Let u(c) be the third derivative of c**4/12 + 16*c**3 + 2*c**2. What are the prime factors of u(m)?
2, 3
Suppose 10*s - 553984 - 140426 = 0. List the prime factors of s.
3, 79, 293
Suppose -2*h - 2*u = -48048, 2*h = -u + 53156 - 5114. List the prime factors of h.
2, 3, 4003
Suppose -3*a = a - 24. Suppose -25*p = -23*p + 4. What are the prime factors of (2 - 57/a)*p?
3, 5
Let a be (-5 + 5)/(-5 - 1). Let h(n) = 7*n**3 + n**2 + n - 194. Let p(b) = b**3. Let f(g) = -h(g) + 6*p(g). List the prime factors of f(a).
2, 97
Let m = -50 - -55. Let o be 85*(m - (4 - 0)). Suppose -83*k + o*k - 180 = 0. What are the prime factors of k?
2, 3, 5
Let n = -86314 - -172536. What are the prime factors of n?
2, 19, 2269
Let y(l) = -354*l**3 - 43*l**2 - 206*l - 3. What are the prime factors of y(-6)?
3, 8461
Suppose 4*j = -3*g + 3618, 0 = 77*j - 74*j + 9. Suppose -5*h + 1828 = 3*v, 15*h = 2*v + 14*h - g. List the prime factors of v.
2, 3, 101
Let y(r) = r**3 + 14*r**2 + 2*r + 5. Let f(a) = 2*a**2 + 11*a - 1. Let i be f(-5). List the prime factors of y(i).
281
Suppose 0*h + h - 5*g - 69 = 0, 3*g - 3 = 0. Let u = h + -74. Suppose q = -u*q + 4, 2*y + 2*q = 122. What are the prime factors of y?
3, 19
Let j be 1666/5 - (-19)/(-95). Suppose -20*f = -j - 127. List the prime factors of f.
23
Suppose -5*l + 3*z = -727, 5*z + 306 = l + l. Let m be l/(-26)*-10*2. Suppose m + 60 = 2*o. What are the prime factors of o?
5, 17
Let u(t) = 2*t**3 - 108*t**2 - 125*t + 57. List the prime factors of u(58).
3, 7, 313
Let t be 6/(-9)*3 + 981/1. Let y = t - 566. List the prime factors of y.
7, 59
What are the prime factors of (-18227440)/(-726) - (-10)/(-6)?
5, 5021
Let f = 1357 + -633. Suppose 30*z = 34*z - f. What are the prime factors of z?
181
Let q(l) = -2*l**3 + l**2 - 33*l + 19885. List the prime factors of q(0).
5, 41, 97
Suppose 52 - 72 = -10*w. Suppose 2568 = -w*s + 8*s. What are the prime factors of s?
2, 107
Suppose -2*r + 0 = -16. Let p be 0 + -5*(r/20 - 2). What are the prime factors of (39/2)/(3/p)?
2, 13
Let w(z) = 3 - 3 + 14*z + 7 + 4. List the prime factors of w(14).
3, 23
Suppose 3*v + 4*m - 9 = 7*m, -5*m + 35 = 5*v. Suppose v*u = -f + 4159, 2*u - 9*f + 6*f = 1650. List the prime factors of u.
3, 277
Suppose -3*j - 8642 = -2444. Let d = j + 2941. What are the prime factors of d?
5, 7
Let v(y) = -2289*y - 97. List the prime factors of v(-2).
4481
Let t(q) = 317*q - 13883. What are the prime factors of t(179)?
2, 5, 2143
Let s(u) = u - 3. Let t be s(6). Suppose -t*j + j + 4 = 0. Suppose -j*f - 17 + 55 = 0. What are the prime factors of f?
19
Let j(z) = -4838*z - 5892. What are the prime factors of j(-6)?
2, 3, 241
Let x(s) = -4009*s + 346. What are the prime factors of x(-1)?
5, 13, 67
Let p(t) = t**3 - 2*t**2 + 3*t + 7. Let h be p(5). Let r be (-2)/25 - (-30 - 18858/(-525)). Let l = r + h. List the prime factors of l.
7, 13
Let p = -12480 + 20692. List the prime factors of p